449.
207
What is the highest common factor of 164242 and 40417?
13
Calculate the greatest common divisor of 5030 and 14121222.
1006
Calculate the greatest common factor of 249080 and 4888.
104
What is the highest common divisor of 1651771 and 90750?
121
Calculate the highest common divisor of 43068 and 77794.
194
Calculate the highest common factor of 22675728 and 8.
8
Calculate the highest common factor of 23130 and 4610.
10
Calculate the highest common divisor of 21696 and 199558.
226
Calculate the greatest common factor of 42 and 42554841.
21
What is the greatest common factor of 898575 and 225?
75
Calculate the highest common factor of 65024 and 361061.
127
Calculate the greatest common factor of 19299 and 8505.
21
Calculate the greatest common factor of 2587177 and 87.
29
What is the highest common factor of 426 and 656679?
213
Calculate the highest common factor of 18972 and 328508.
68
What is the highest common divisor of 611 and 1030185?
13
What is the highest common divisor of 1694 and 36236354?
1694
Calculate the greatest common factor of 51475314 and 417.
417
Calculate the highest common factor of 72 and 58586904.
72
What is the greatest common factor of 120926023 and 8258?
4129
Calculate the greatest common divisor of 310232 and 300352.
1976
What is the greatest common divisor of 110 and 11388718?
22
What is the greatest common factor of 305885 and 73319?
467
Calculate the highest common divisor of 21272424 and 504.
24
Calculate the greatest common divisor of 7104 and 12004872.
888
Calculate the greatest common divisor of 4 and 73859394.
2
Calculate the highest common divisor of 53276 and 66272.
76
What is the greatest common factor of 178206210 and 3780?
1890
Calculate the highest common divisor of 130465547 and 5660.
283
What is the highest common divisor of 3140 and 19939?
157
What is the greatest common divisor of 2245242450 and 1650?
1650
What is the greatest common factor of 228 and 1247081188?
76
What is the greatest common divisor of 2676 and 19732?
4
Calculate the greatest common divisor of 25 and 32023.
1
What is the greatest common divisor of 11817 and 32717637?
909
What is the highest common divisor of 4276694 and 36206?
86
What is the greatest common factor of 239559 and 3337?
47
Calculate the highest common divisor of 123467706 and 4644.
2322
What is the greatest common divisor of 43407 and 26089245?
819
What is the highest common factor of 325 and 11630489?
13
Calculate the highest common factor of 2340 and 774813.
39
What is the highest common divisor of 18296362 and 70?
14
Calculate the highest common divisor of 2020077184 and 2396.
2396
Calculate the highest common factor of 130515 and 45507.
231
What is the highest common divisor of 791492 and 4052568?
1612
What is the highest common divisor of 33546986 and 506?
22
Calculate the highest common factor of 9216 and 131808.
96
Calculate the greatest common factor of 1033965 and 1056321.
5589
Calculate the highest common divisor of 3109140 and 2668.
92
Calculate the highest common factor of 21470 and 6835.
5
What is the greatest common divisor of 579333 and 404724?
87
What is the greatest common divisor of 48153282 and 204?
102
What is the highest common divisor of 717436 and 9648?
268
Calculate the highest common factor of 30 and 1073813080.
10
Calculate the greatest common factor of 420730 and 520.
10
What is the greatest common divisor of 215 and 81369029?
43
Calculate the highest common factor of 12330578 and 7098.
338
What is the highest common divisor of 63110383 and 1?
1
Calculate the greatest common factor of 266 and 555472106.
266
What is the greatest common factor of 1074575 and 1325?
1325
Calculate the highest common divisor of 156 and 100823112.
156
What is the highest common factor of 53116257 and 3?
3
Calculate the greatest common factor of 15439864 and 176.
88
Calculate the highest common factor of 24885 and 11553276.
1659
What is the highest common divisor of 9207705 and 10335?
195
Calculate the greatest common divisor of 40 and 892987120.
40
What is the highest common factor of 649600 and 22272?
3712
Calculate the greatest common divisor of 2675295 and 52535.
665
What is the highest common factor of 40943796 and 36?
12
What is the greatest common factor of 485 and 55867150?
485
Calculate the greatest common divisor of 402269670 and 1704.
426
What is the highest common divisor of 135114 and 11314189?
3217
Calculate the greatest common factor of 5194 and 4782826.
106
Calculate the greatest common factor of 14 and 222279736.
14
What is the greatest common factor of 3676780 and 16560?
460
What is the greatest common divisor of 14141286 and 342?
18
What is the highest common divisor of 12 and 13149078?
6
What is the highest common factor of 31179 and 144025647?
1641
What is the greatest common factor of 11357 and 66?
1
Calculate the highest common divisor of 2366079 and 43539.
69
Calculate the highest common divisor of 193502 and 44144.
62
Calculate the greatest common factor of 96253762 and 1734.
578
Calculate the highest common divisor of 13401102 and 3432.
858
Calculate the highest common divisor of 9280 and 2131616.
928
Calculate the greatest common divisor of 412082 and 1518.
22
What is the greatest common divisor of 5144 and 4229011?
643
What is the greatest common divisor of 1826775 and 5128425?
5175
Calculate the highest common factor of 10200 and 166263400.
3400
Calculate the highest common divisor of 96 and 84452952.
24
What is the greatest common factor of 300 and 156775?
25
Calculate the highest common factor of 2379630 and 660.
330
Calculate the greatest common divisor of 36673 and 4211987.
169
What is the highest common factor of 520 and 1352923?
13
Calculate the highest common divisor of 3566061 and 26055.
1737
Calculate the greatest common factor of 247453 and 15179.
353
Calculate the highest common factor of 241 and 2712455.
241
What is the greatest common divisor of 224 and 9966404?
28
Calculate the highest common divisor of 10161 and 290736.
9
What is the greatest common divisor of 91179 and 99279?
27
What is the highest common factor of 30 and 15987765?
15
Calculate the greatest common factor of 110635 and 11013905.
3815
Calculate the greatest common divisor of 1380 and 35355540.
60
What is the greatest common factor of 354060 and 14679?
63
Calculate the greatest common divisor of 28 and 12479390.
14
What is the highest common divisor of 1075264 and 1344?
64
What is the highest common factor of 366026 and 40876?
1858
Calculate the highest common factor of 1040754933 and 18.
9
Calculate the highest common factor of 134704523 and 233.
233
What is the greatest common divisor of 103278618 and 1998?
1998
Calculate the greatest common divisor of 6 and 161906718.
6
Calculate the highest common divisor of 18533 and 8121238.
43
Calculate the highest common divisor of 88907441 and 233.
233
What is the highest common factor of 4606563 and 78?
39
Calculate the highest common factor of 98995 and 2795.
65
What is the greatest common factor of 7014620 and 2500?
20
What is the highest common divisor of 307384768 and 64?
64
What is the greatest common factor of 243 and 2269197?
9
Calculate the highest common factor of 3328882 and 230.
46
Calculate the highest common divisor of 3670502 and 154.
22
Calculate the greatest common factor of 210 and 6053130.
30
Calculate the greatest common divisor of 305 and 40655280.
305
What is the greatest common factor of 8008 and 7020013?
1001
Calculate the highest common factor of 248810 and 229120.
1790
Calculate the greatest common divisor of 74492124 and 4830.
966
Calculate the highest common factor of 26167 and 7946.
137
What is the highest common factor of 42455148 and 313605?
6969
Calculate the highest common factor of 14266439 and 11.
11
Calculate the greatest common factor of 1115002 and 10393957.
7637
What is the greatest common factor of 33418 and 670516?
1078
Calculate the greatest common factor of 2618 and 197951842.
374
What is the greatest common divisor of 64624626 and 8307?
639
Calculate the highest common divisor of 236224 and 18688.
64
What is the greatest common factor of 363254166 and 3564?
594
What is the greatest common factor of 26124 and 3426?
6
What is the greatest common factor of 1406 an